 base 4.
-3
Convert 28 (base 10) to base 6.
44
Convert 0 (base 11) to base 2.
0
-122 (base 14) to base 7
-442
Convert 3 (base 4) to base 6.
3
Convert -1222 (base 5) to base 10.
-187
What is -10 (base 4) in base 3?
-11
17 (base 16) to base 15
18
Convert 1410 (base 5) to base 2.
11100110
-220 (base 4) to base 12
-34
99 (base 12) to base 14
85
-1c (base 16) to base 15
-1d
What is -10 (base 6) in base 11?
-6
What is 5 (base 6) in base 7?
5
What is -9 (base 12) in base 5?
-14
-6 (base 9) to base 2
-110
Convert 21 (base 15) to base 3.
1011
Convert 1 (base 5) to base 13.
1
12 (base 11) to base 4
31
-79 (base 11) to base 16
-56
What is -a (base 12) in base 4?
-22
-8 (base 15) to base 14
-8
2322 (base 5) to base 10
337
Convert 14 (base 12) to base 5.
31
2 (base 6) to base 15
2
-222 (base 9) to base 12
-132
Convert -3 (base 5) to base 4.
-3
Convert 4 (base 10) to base 4.
10
-10 (base 3) to base 7
-3
10b (base 15) to base 6
1032
What is 15 (base 6) in base 13?
b
Convert -6a (base 16) to base 4.
-1222
Convert 0 (base 11) to base 16.
0
What is -3 (base 5) in base 13?
-3
What is 20 (base 4) in base 6?
12
Convert -4 (base 13) to base 10.
-4
Convert -a9 (base 14) to base 2.
-10010101
Convert -1 (base 5) to base 4.
-1
What is -1201 (base 3) in base 7?
-64
-8 (base 14) to base 12
-8
What is 1035 (base 6) in base 13?
155
-10 (base 5) to base 13
-5
What is 101 (base 2) in base 11?
5
Convert -12 (base 12) to base 7.
-20
What is -1 (base 6) in base 12?
-1
-1 (base 12) to base 4
-1
Convert -2 (base 8) to base 13.
-2
0 (base 3) to base 6
0
What is 2021 (base 3) in base 9?
67
What is -5 (base 9) in base 2?
-101
11 (base 2) to base 12
3
Convert 57 (base 8) to base 6.
115
Convert -117 (base 10) to base 5.
-432
What is -2 (base 12) in base 13?
-2
Convert 1011100 (base 2) to base 6.
232
Convert 4 (base 9) to base 5.
4
0 (base 4) to base 10
0
Convert -100110100 (base 2) to base 12.
-218
What is b (base 13) in base 4?
23
Convert -1 (base 9) to base 3.
-1
Convert 3 (base 7) to base 11.
3
What is -2 (base 6) in base 8?
-2
Convert -1a (base 16) to base 11.
-24
Convert 0 (base 10) to base 13.
0
What is -141 (base 9) in base 16?
-76
Convert 133 (base 5) to base 15.
2d
Convert -25 (base 10) to base 7.
-34
Convert 68 (base 13) to base 6.
222
Convert -4 (base 9) to base 10.
-4
221 (base 6) to base 13
67
What is 1 (base 8) in base 6?
1
Convert 223 (base 7) to base 10.
115
What is -39 (base 10) in base 16?
-27
Convert 156 (base 7) to base 4.
1122
What is -2a (base 15) in base 9?
-44
Convert 21 (base 3) to base 9.
7
Convert 4 (base 13) to base 11.
4
5 (base 7) to base 4
11
What is 77 (base 9) in base 10?
70
What is 5 (base 16) in base 5?
10
Convert -85 (base 10) to base 9.
-104
-28 (base 14) to base 8
-44
Convert -217 (base 8) to base 7.
-263
-130 (base 6) to base 8
-66
Convert 124 (base 5) to base 6.
103
-1 (base 8) to base 9
-1
What is -4 (base 5) in base 12?
-4
-49 (base 11) to base 15
-38
Convert 35 (base 8) to base 4.
131
What is 49 (base 10) in base 11?
45
Convert 3 (base 15) to base 5.
3
Convert -4 (base 12) to base 6.
-4
What is -4 (base 16) in base 7?
-4
10 (base 5) to base 4
11
Convert 1001 (base 3) to base 15.
1d
Convert -5 (base 14) to base 6.
-5
What is -4 (base 6) in base 4?
-10
0 (base 9) to base 13
0
What is -18 (base 16) in base 12?
-20
Convert -55 (base 7) to base 15.
-2a
2 (base 10) to base 11
2
Convert 0 (base 2) to base 4.
0
What is fd (base 16) in base 4?
3331
-4 (base 12) to base 2
-100
Convert 1 (base 3) to base 14.
1
Convert 10 (base 10) to base 7.
13
-a (base 13) to base 7
-13
3 (base 8) to base 10
3
What is -111010 (base 2) in base 3?
-2011
What is 0 (base 7) in base 3?
0
Convert 3 (base 4) to base 5.
3
What is -6a (base 11) in base 10?
-76
12 (base 4) to base 9
6
Convert 4 (base 5) to base 3.
11
What is 2 (base 9) in base 10?
2
What is 19 (base 10) in base 3?
201
Convert 11000 (base 2) to base 15.
19
What is 1 (base 8) in base 16?
1
What is -db (base 14) in base 15?
-cd
2 (base 14) to base 10
2
-2111 (base 3) to base 2
-1000011
84 (base 11) to base 13
71
Convert -5 (base 7) to base 11.
-5
6 (base 13) to base 15
6
Convert 3 (base 9) to base 4.
3
3 (base 15) to base 3
10
What is -2 (base 10) in base 15?
-2
What is -23 (base 14) in base 4?
-133
6 (base 15) to base 2
110
Convert -13 (base 4) to base 8.
-7
Convert -10013 (base 4) to base 11.
-21a
What is -2 (base 15) in base 13?
-2
-140 (base 14) to base 16
-fc
Convert c (base 16) to base 7.
15
Convert 357 (base 9) to base 11.
249
28 (base 16) to base 5
130
2 (base 9) to base 16
2
What is -1120 (base 3) in base 9?
-46
-20 (base 5) to base 10
-10
Convert -168 (base 13) to base 11.
-212
16c (base 14) to base 2
100100100
Convert 132 (base 6) to base 11.
51
What is -8 (base 16) in base 7?
-11
What is 162 (base 7) in base 4?
1131
-19 (base 12) to base 14
-17
Convert 143 (base 6) to base 15.
43
Convert -a (base 11) to base 13.
-a
-35 (base 12) to base 6
-105
Convert -4 (base 16) to base 12.
-4
Convert -2 (base 10) to base 5.
-2
Convert 15 (base 9) to base 6.
22
10 (base 2) to base 14
2
-1102 (base 3) to base 9
-42
Convert -10 (base 7) to base 13.
-7
Convert 18 (base 11) to base 3.
201
-2 (base 7) to base 15
-2
4 (base 14) to base 4
10
Convert 142 (base 6) to base 3.
2022
Convert 23 (base 4) to base 3.
102
Convert 6 (base 8) to base 6.
10
-5 (base 15) to base 7
-5
-6 (base 12) to base 7
-6
What is -335 (base 9) in base 14?
-159
102 (base 4) to base 3
200
-8 (base 14) to base 15
-8
11101 (base 2) to base 14
21
Convert 94 (base 15) to base 4.
2023
What is -343 (base 5) in base 4?
-1202
111 (base 3) to base 7
16
-a (base 13) to base 11
-a
Convert -6 (base 8) to base 2.
-110
Convert -16 (base 7) to base 16.
-d
Convert -322 (base 4) to base 10.
-58
13 (base 11) to base 13
11
Convert -10 (base 2) to base 6.
-2
Convert 2 (base 5) to base 3.
2
Convert 12 (base 3) to base 14.
5
-2 (base 7) to base 4
-2
Convert 240 (base 5) to base 12.
5a
-226 (base 7) to base 16
-76
0 (base 6) to base 8
0
-6 (base 13) to base 9
-6
Convert -110 (base 4) to base 9.
-22
What is 23 (base 5) in base 13?
10
-203 (base 4) to base 9
-38
-8 (base 13) to base 2
-1000
Convert -7 (base 9) to base 5.
-12
Convert -2 (base 5) to base 6.
-2
-101 (base 2) to base 4
-11
What is -2 (base 16) in base 11?
-2
What is -8 (base 16) in base 12?
-8
100 (base 2) to base 6
4
1 (base 9) to base 8
1
What is -10 (base 11) in base 4?
-23
What is 2 (base 13) in base 7?
2
What is 49 (base 11) in base 3?
1222
22 (base 7) to base 11
15
-1 (base 2) to base 16
-1
What is 1000111 (base 2) in base 7?
131
What is -56 (base 10) in base 8?
-70
What is 100001 (base 2) in base 12?
29
0 (base 5) to base 4
0
-1 (base 6) to base 11
-1
-1011 (base 2) to base 12
-b
What is 7 (base 16) in base 6?
11
Convert 55 (base 9) to base 10.
50
What is 41 (base 12) in base 5?
144
What is -33 (base 4) in base 9?
-16
Convert 64 (base 11) to base 3.
2121
What is -14 (base 5) in base 11?
-9
Convert 11 (base 3) to base 9.
4
-3 (base 9) to base 2
-11
Convert 5b (base 14) to base 13.
63
1 (base 15) to base 14
1
113 (base 7) to base 16
3b
Convert 110 (base 8) to base 15.
4c
-1245 (base 6) to base 14
-189
Convert 31 (base 8) to base 13.
1c
1011110 (base 2) to base 16
5e
-3 (base 13) to base 10
-3
Convert 10 (base 3) to base 8.
3
Convert -32 (base 6) to base 13.
-17
-2 (base 6) to base 7
-2
Convert 16 (base 10) to base 15.
11
Convert 2 (base 7) to base 5.
2
What is 23 (base 8) in base 10?
19
Convert 7 (base 12) to base 13.
7
What is -12 (base 6) in base 3?
-22
5 (base 15) to base 13
5
3 (base 6) to base 13
3
-e4 (base 15) to base 5
-1324
What is 22 (base 7) in base 9?
17
54 (base 6) to base 11
31
What is 110 (base 2) in base 16?
6
What is -10101 (base 2) in base 12?
-19
Convert 0 (base 7) to base 11.
0
What is -4 (base 9) in base 10?
-4
-1 (base 13) to base 5
-1
Convert -76 (base 8) to base 3.
-2022
Convert 13 (base 10) to base 3.
111
Convert 2 (base 4) to base 15.
2
What is -3 (base 5) in base 13?
-3
What is -2 (base 12) in base 10?
-2
-11 (base 10) to base 2
-1011
Convert -173 (base 14) to base 15.
-14c
3 (base 15) to base 14
3
3 (base 8) to base 4
3
9d (base 14) to base 3
12011
-1221 (base 3) to base 16
-34
2 (base 7) to base 3
2
Convert 432 (base 5) to base 6.
313
Convert -38 (base 11) to base 3.
-1112
12 